se 0 = -2*v + 67 - 23. Let k(q) = -q. Let b be k(-2). What is the greatest common divisor of b and v?
2
Let j = 1 + 2. What is the greatest common divisor of j and 2?
1
Suppose -4*c = 2*m - 22, 2*c + 2*m - 7 - 1 = 0. What is the highest common divisor of c and 7?
7
Suppose 5*g = -5*w + 105, -3*w + 31 = 4*g - 50. What is the highest common factor of 6 and g?
6
Let z be (-10)/(-5)*(-21)/(-3). What is the highest common factor of 14 and z?
14
Let g(f) = f - 2. Let q = -10 + 15. Let n = q - -2. Let k be g(n). What is the greatest common divisor of 45 and k?
5
Suppose 2*x + h - 1 - 4 = 0, 0 = -2*x + 4*h + 30. Suppose 15 = 3*b, -12 = -4*r + x*b + 11. Calculate the highest common factor of 84 and r.
12
Let k = 21 + -7. Let b(w) = 98*w**2 - w - 1. Let f(q) = -2*q**2 - q. Let i be f(-1). Let s be b(i). Calculate the greatest common factor of k and s.
14
Let r be (6/(-4))/(2/(-44)). Let z(i) = -i + 17. Let y be z(6). What is the highest common factor of r and y?
11
Let u = -93 - -115. Calculate the greatest common divisor of 44 and u.
22
Let x(g) = g + 3. Let s be x(0). Suppose 0 = -s*p + 2*p + 4. Suppose -4*o - o + 46 = 3*i, p*i = -o + 16. Calculate the greatest common divisor of o and 16.
8
Let m(l) = 2*l**3 - l**2 + l + 1. Let y be m(-2). Let g = 37 + y. Calculate the highest common divisor of 8 and g.
8
Let m be -7 - -13 - 0 - (0 - -1). Calculate the highest common factor of m and 55.
5
Suppose -u + 3 - 1 = f, -2*f + u = -19. Let p = f + -6. Calculate the greatest common divisor of p and 2.
1
Let u = -105 - -159. Let z = 4 + 2. Suppose 0 = x - 2*r - z, 3*x - 18 = 2*r - 6*r. Calculate the highest common divisor of x and u.
6
Suppose 5*y + 4*k = -5, 0*k = 2*k + 10. Suppose 2*h + 0*h = 2*b + 186, 3*b - 279 = -y*h. Suppose -3 + h = 5*s. What is the greatest common factor of s and 12?
6
Let l be 32 - (2 + 0/(-2)). Let v(b) = -b**2 + 6*b + 3. Let a be v(6). Suppose -40 = -a*s + s. What is the highest common divisor of s and l?
10
Let a be (-10)/1*4/(-5). Suppose -5*y - 6 + 3 = -t, 3*t - 9 = -y. Suppose y*r + 20 = r. What is the greatest common factor of r and a?
4
Suppose -2*o = -3*o + 16. Calculate the highest common factor of 16 and o.
16
Suppose 0 = -2*l - 5*o + 34, 4*l - 5 = 5*o + 3. Suppose -1 = v + 2*f + 2*f, 4*v - l = -5*f. What is the greatest common factor of 27 and v?
3
Let q = 108 - -42. Calculate the greatest common divisor of 30 and q.
30
Let z(u) = -17*u + 2. Let w(r) = -375*r + 45. Let d(a) = -2*w(a) + 45*z(a). Let t be d(-1). Calculate the greatest common divisor of t and 60.
15
Let n(g) = 2*g**2 + 7*g - 12. Let d be n(-6). Let q be (2/(-2))/(1/(-2)). What is the highest common divisor of q and d?
2
Let q = 13 + 9. Calculate the greatest common factor of q and 154.
22
Let j(c) = 3*c - 1. Let m be j(2). Let w = m - 3. Calculate the highest common factor of w and 3.
1
Let l(c) be the third derivative of c**2 - 1/2*c**3 + 0 - 1/3*c**4 + 0*c - 1/60*c**5. Let j be l(-6). Calculate the greatest common factor of j and 1.
1
Suppose -5*f - 16 = -4*u, 5*u + f = -f + 20. Suppose -4*j + 5*k + 131 = 1, 0 = 5*j + u*k - 142. Calculate the greatest common factor of 12 and j.
6
Suppose -3*q - 21 = -5*z - 4*q, -17 = -5*z + 3*q. What is the greatest common divisor of 32 and z?
4
Let r be -10*1/(-2) + -2. Suppose r*k - 2*c - 1 + 7 = 0, 4*c - 6 = 3*k. Let g be k/(-6) + 2/3. Calculate the highest common divisor of 7 and g.
1
Let f be 2 + -3*(-212)/6. Calculate the greatest common factor of f and 24.
12
Suppose 5*q + o - 15 = 2*q, 5*q + 2*o - 24 = 0. What is the highest common divisor of 54 and q?
6
Let r be 8*(4 - 3 - 2). Suppose -b + 3*v + 14 = 0, v = -b - 2*v + 44. Let n = b + r. What is the highest common factor of 14 and n?
7
Suppose 0*i = 5*i - 20. Suppose i*d = 3*z + 40, -2*d = 4*z - 11 - 9. Suppose -2*y - b = -4 - 20, -b = y - d. What is the highest common factor of y and 35?
7
Let o be 36*(-2 - (-7)/3). Calculate the greatest common factor of o and 108.
12
Let t(q) = 2*q + 21. Let m be t(5). What is the highest common divisor of 217 and m?
31
Suppose 4*c + 0*i - 17 = -3*i, 3*i = 2*c + 5. Suppose v = 4*y + 15, -c*v + 2*y = -22 + 10. Calculate the greatest common divisor of 1 and v.
1
Let a be 0 + -20 + (9 - 9). Let g = a + 22. Let m(p) = -p**2 + 8*p - 5. Let v be m(7). Calculate the greatest common divisor of v and g.
2
Suppose -2*b - 3*o + 13 = -b, -3*b + 39 = -3*o. Let t be 2*((-30)/(-4) - 1). Calculate the highest common factor of b and t.
13
Let q be 1/(-4) - 25/(-4). Let x(g) = -5*g - 49. Let w be x(-11). What is the greatest common factor of q and w?
6
Suppose -2*r - 3 = -19. Suppose -2*x + 3*l = -x - 17, 4*l + 4 = -x. Calculate the highest common divisor of x and r.
8
Let d(a) = 10*a**3 + 2*a**2 - a + 2. Suppose 0*f = -5*f + 10. Let w be d(f). What is the greatest common factor of w and 11?
11
Suppose 0 = -2*d + j + 25, 5*d + 2*j - 25 = -3*j. Suppose 3*q + 4*w + 14 = -w, q = -3*w - d. Suppose -n = n - 4. Calculate the highest common factor of q and n.
2
Suppose 2 + 5 = 2*x + w, 5*w = 25. Let i be 226/(5/x + -3). Suppose 0 = 3*a - 52 - i. What is the greatest common factor of 22 and a?
11
Let q = -28 - -49. Let f = -16 + q. Let k be -1 - (-36 - (0 - 0)). What is the highest common divisor of f and k?
5
Let f = 23 - 9. Let b be -2 + 2*(-69)/(-6). What is the greatest common divisor of b and f?
7
Suppose 134 = 10*p + 14. What is the highest common divisor of p and 3?
3
Let l = -167 - -180. Suppose 5 - 1 = y, -3*q + 3*y + 570 = 0. Let p = q - 103. Calculate the greatest common divisor of p and l.
13
Let k(d) = -4*d**2 + 4*d**2 - 8*d**3 - 2*d**2 - d + 6*d**3. Let s be k(-2). What is the highest common factor of 110 and s?
10
Let z(y) = y**3 + 5*y**2 + 2. Let k = -2 - -2. Suppose -4*b - b - 25 = k. Let g be z(b). Calculate the highest common divisor of g and 8.
2
Let w be -3 - ((1 - 58) + -1). Let k(u) = -u**3 + 6*u**2 - 2*u - 4. Let x be k(5). What is the highest common factor of x and w?
11
Suppose 0 = 4*j - 0*j - 48. Let k(g) = -2*g + 6. Suppose 7*d + 24 = 3*d. Let s be k(d). Calculate the highest common divisor of j and s.
6
Suppose 3*v - 90 = -18. What is the greatest common factor of v and 16?
8
Let m = 214 + -197. Calculate the highest common divisor of m and 17.
17
Suppose 3*t = 3*l, -2*l + 0*l - 3 = -5*t. Calculate the greatest common divisor of 5 and l.
1
Suppose 0 = d + d - a - 11, 0 = d - 5*a - 1. Suppose 2*x + 2*x = 72. Calculate the highest common divisor of x and d.
6
Suppose 0 = -0*g + 3*g - 81. Calculate the greatest common divisor of g and 3.
3
Let u(q) = -q**2 + 13*q + 33. Let w be u(11). Suppose 0 = 5*s - 5 - 20. Calculate the highest common divisor of w and s.
5
Let y = -5 + 8. Let c = y - -1. Calculate the greatest common divisor of 4 and c.
4
Let o(r) = 6*r - 7. Let p be o(5). Suppose p - 5 = f. Suppose -4*i + 2*c + 642 = 0, 2*i + 0*i = -c + 327. What is the highest common divisor of f and i?
18
Let q(i) = i**3 - i**2 + 16. Let h be q(0). Calculate the highest common factor of h and 2.
2
Suppose 5*j - 3*n = 25, 10 + 13 = j + 3*n. What is the greatest common factor of j and 24?
8
Let d = -716 - -1169. Let i = d - 264. Calculate the highest common factor of i and 21.
21
Suppose 6 + 29 = -3*r - 4*b, 2*r = 5*b + 15. Let h = -11 - -9. Let l be (-67)/(-5) - h/r. Calculate the greatest common factor of 117 and l.
13
Let b = 18 + -10. Calculate the highest common divisor of 48 and b.
8
Let d be 747/39 - 1 - 6/39. Calculate the highest common factor of 45 and d.
9
Let c(q) = -q - 1. Let d be c(-3). Suppose -2*r = d*r. Let x(m) = m**2 + 4. Let z be x(r). Calculate the greatest common divisor of z and 1.
1
Let w(n) = -n**2 - 19*n + 2. Let x be w(-17). Calculate the greatest common divisor of x and 4.
4
Let s be 2 + (-5)/((-5)/2). Suppose -2*a - 2*g + 32 = -s*g, 4*a = -5*g + 37. Let d be 198/5 + (-9)/15. Calculate the highest common factor of a and d.
13
Suppose m - 68 = 3*t, 5 + 13 = -t + 5*m. Let s = 38 + t. Calculate the greatest common divisor of 60 and s.
15
Let b be (-2342)/6 - (-3)/9. Let p = -186 - b. Suppose -4*m + p = -0*m. What is the greatest common factor of 17 and m?
17
Suppose -2*q - 2*z + 320 = 0, z - 480 = -3*q + 2*z. Let j = 36 + -16. What is the highest common factor of q and j?
20
Let a be (-1964)/(-14) - (-12)/(-42).